atest common divisor of 312912 and 90.
18
Calculate the highest common factor of 9675 and 8901.
387
Calculate the highest common factor of 4 and 35884.
4
What is the highest common divisor of 69793 and 923?
71
Calculate the greatest common divisor of 114816 and 12584.
104
Calculate the highest common factor of 239351 and 434.
217
Calculate the greatest common factor of 7 and 8197.
7
Calculate the greatest common divisor of 444 and 1212.
12
What is the highest common factor of 702 and 2392?
26
Calculate the highest common factor of 16263 and 3.
3
Calculate the highest common factor of 48 and 146424.
24
Calculate the greatest common factor of 11316 and 27552.
492
What is the greatest common factor of 182525 and 735?
245
What is the highest common divisor of 5336 and 526176?
232
Calculate the greatest common divisor of 178978 and 218.
218
Calculate the highest common factor of 1333 and 2537.
43
What is the highest common factor of 5085 and 135?
45
Calculate the greatest common factor of 58 and 415483.
29
What is the greatest common divisor of 1425 and 685140?
285
Calculate the highest common divisor of 3174 and 855922.
1058
Calculate the highest common divisor of 128790 and 450.
90
What is the highest common factor of 45187 and 584?
73
What is the greatest common divisor of 3228735 and 45?
15
Calculate the highest common factor of 9246 and 9315.
69
Calculate the highest common divisor of 11 and 7263289.
11
Calculate the highest common factor of 471 and 13.
1
What is the greatest common divisor of 3395 and 121153?
97
What is the highest common divisor of 2 and 27076?
2
What is the greatest common divisor of 6690 and 750?
30
Calculate the highest common factor of 53938 and 1639.
149
Calculate the highest common factor of 113522 and 124.
62
Calculate the greatest common factor of 10 and 75365.
5
Calculate the greatest common factor of 6552 and 2925.
117
What is the highest common factor of 41074 and 132?
22
Calculate the highest common divisor of 70477 and 1892.
473
Calculate the greatest common factor of 3151 and 4247.
137
Calculate the greatest common divisor of 95952 and 192.
48
What is the highest common factor of 72828 and 81?
9
Calculate the highest common factor of 696698 and 505.
101
Calculate the highest common factor of 319742 and 8.
2
Calculate the greatest common factor of 10683 and 81.
9
What is the greatest common divisor of 743757 and 642?
321
What is the highest common divisor of 527 and 289?
17
Calculate the highest common factor of 2584 and 544.
136
What is the greatest common divisor of 540 and 2180250?
270
What is the greatest common divisor of 1534 and 2938?
26
What is the highest common divisor of 15078 and 63?
21
What is the highest common divisor of 769365 and 10?
5
Calculate the highest common divisor of 246 and 2388.
6
Calculate the greatest common divisor of 688 and 12784.
16
What is the greatest common factor of 88495 and 55?
55
Calculate the highest common factor of 173667 and 21827.
949
What is the greatest common divisor of 144 and 8532?
36
What is the highest common divisor of 33300 and 148185?
1665
What is the highest common factor of 37320 and 2520?
120
What is the greatest common divisor of 1691 and 179873?
19
What is the greatest common factor of 19838 and 154889?
763
What is the greatest common divisor of 1003 and 221?
17
What is the greatest common divisor of 146 and 206225?
73
Calculate the highest common factor of 23 and 40429.
1
Calculate the greatest common divisor of 2445 and 195.
15
What is the highest common factor of 1007 and 7543?
19
What is the greatest common factor of 154 and 283547?
11
Calculate the greatest common divisor of 130591 and 129.
43
What is the greatest common divisor of 350 and 330950?
50
What is the greatest common divisor of 15853 and 16617?
191
What is the greatest common divisor of 91 and 299767?
13
Calculate the greatest common factor of 2234700 and 52.
52
Calculate the greatest common divisor of 367747 and 21712.
1357
Calculate the highest common divisor of 10005 and 15870.
345
Calculate the greatest common factor of 1153989 and 9.
9
What is the highest common factor of 146 and 443767?
73
What is the highest common divisor of 498079 and 219?
73
What is the highest common factor of 495142 and 170?
34
What is the greatest common factor of 19 and 205656?
19
Calculate the highest common divisor of 102 and 87.
3
Calculate the greatest common divisor of 21 and 2688.
21
Calculate the highest common divisor of 148 and 1364597.
37
What is the greatest common factor of 119510 and 2185?
95
Calculate the highest common divisor of 12808 and 40.
8
What is the greatest common divisor of 435845 and 80?
5
Calculate the highest common divisor of 3198 and 1163006.
1066
What is the highest common divisor of 354144 and 2883?
93
What is the greatest common divisor of 4415 and 265?
5
What is the greatest common divisor of 2204 and 74240?
116
Calculate the highest common factor of 208 and 3152.
16
What is the highest common divisor of 44988 and 84?
12
What is the highest common divisor of 150 and 2434650?
150
Calculate the highest common divisor of 23552 and 276.
92
Calculate the highest common divisor of 290714 and 6028.
274
What is the greatest common divisor of 148 and 6972428?
148
Calculate the highest common factor of 1170 and 10842.
78
Calculate the highest common divisor of 107352 and 1323.
189
Calculate the highest common divisor of 1606774 and 5278.
754
Calculate the greatest common divisor of 742 and 2044.
14
Calculate the highest common divisor of 104 and 664157.
13
What is the greatest common divisor of 1018092 and 444?
444
What is the highest common factor of 17381 and 4667?
13
Calculate the highest common divisor of 138 and 30981.
69
Calculate the greatest common divisor of 962 and 335738.
962
Calculate the greatest common factor of 339248 and 546.
182
Calculate the highest common factor of 81 and 1066167.
9
Calculate the highest common divisor of 8915 and 15.
5
Calculate the highest common factor of 42 and 7063.
7
Calculate the greatest common factor of 5628 and 126.
42
What is the greatest common divisor of 9074 and 190903?
349
Calculate the highest common factor of 3220 and 602.
14
Calculate the greatest common factor of 16 and 70616.
8
Calculate the greatest common factor of 264 and 11946.
66
What is the highest common divisor of 108367 and 29267?
791
What is the greatest common divisor of 4100 and 5904?
164
What is the highest common divisor of 14904 and 736?
184
What is the highest common factor of 590 and 235?
5
Calculate the highest common divisor of 252 and 41988.
12
Calculate the highest common factor of 9757 and 10175.
11
What is the greatest common factor of 212 and 147923?
53
What is the greatest common divisor of 460 and 140?
20
What is the greatest common divisor of 156009 and 391?
391
What is the greatest common factor of 287 and 125747?
41
What is the highest common factor of 188085 and 45?
15
Calculate the highest common divisor of 2478 and 11210.
118
Calculate the highest common factor of 340 and 179792.
68
Calculate the greatest common divisor of 135668 and 104.
52
What is the greatest common divisor of 37 and 251?
1
What is the greatest common divisor of 35941 and 127?
127
Calculate the greatest common factor of 2290 and 310.
10
What is the greatest common factor of 3 and 305168?
1
What is the greatest common factor of 96 and 16080?
48
What is the highest common divisor of 211839 and 241?
241
What is the highest common factor of 49740 and 18?
6
What is the greatest common factor of 210 and 21770?
70
Calculate the greatest common divisor of 1341 and 4619.
149
What is the greatest common factor of 771 and 384472?
257
What is the greatest common divisor of 696096 and 288?
288
What is the greatest common divisor of 197911 and 343?
343
Calculate the greatest common divisor of 2250 and 23886.
18
Calculate the highest common divisor of 1034 and 7990.
94
What is the highest common factor of 48 and 616968?
24
Calculate the highest common divisor of 84 and 95067.
21
What is the highest common factor of 540 and 8604?
36
What is the greatest common factor of 21471 and 1581?
51
What is the highest common divisor of 171048 and 32?
8
Calculate the highest common factor of 410 and